s the highest common factor of 7 and i?
7
Let t be ((-12)/5)/((-5)/450). Suppose t - 74 = a. Suppose -5*n = -a - 18. What is the highest common factor of 8 and n?
8
Let v be (45/(-12))/(-5) - (-58)/8. What is the greatest common factor of 64 and v?
8
Let q(p) = p - 4. Let x be q(6). Suppose f - 144 = -x*f. Let d = 18 + f. What is the greatest common divisor of d and 165?
33
Let a(u) = 8*u**2 - 25*u - 19. Let p be a(-7). What is the highest common factor of 4 and p?
4
Let k = 29 - -39. What is the highest common divisor of k and 187?
17
Let v be (379 + -34)*2/(-9)*-3. Suppose -83 = -g + 9. What is the highest common factor of v and g?
46
Suppose 0 = -56*g + 57*g + 16. Let f = -4 - g. What is the greatest common factor of f and 9?
3
Let o(u) = 25*u**2 - 27*u - 26. Let v be o(-1). What is the highest common divisor of v and 247?
13
Let s = 7 + 5. Let z = s + -5. Suppose 2*i = 4*c - 252, -4*c + 252 = -3*i - 0*i. What is the highest common divisor of z and c?
7
Suppose 3*f + r = 3*r - 649, -1079 = 5*f - 4*r. Let c = f - -359. Calculate the highest common divisor of c and 56.
28
Suppose -34*c + 38*c = -40. Let h(g) = g**2 + 7*g - 3. Let d be h(c). Calculate the highest common divisor of d and 108.
27
Let i = 1184 - 23. Calculate the highest common divisor of i and 27.
27
Suppose -52*u = -0*u - 468. Suppose -2*o - 27 = -5*o. Let s be (-3635)/(-45) + 2/o. Calculate the greatest common factor of s and u.
9
Let m(y) = 2*y**3 + 8*y**2 - 12*y. Let h be m(4). Calculate the greatest common factor of 13 and h.
13
Let v(i) = -70*i - 3. Let o be v(-13). Suppose -5*r + o + 533 = 0. Calculate the greatest common divisor of r and 32.
32
Let h be (-1)/(((-8)/(-10))/(-4)). Let s = 3 - h. Let o be (3 - (s - -3)) + -1. What is the highest common factor of o and 8?
1
Let m = 795 - 756. Calculate the highest common divisor of 325 and m.
13
Let i(h) = 15*h - 4. Let o be i(-2). Let y = o + 41. What is the highest common factor of y and 63?
7
Suppose -133*o + 138*o - 110 = 0. What is the highest common factor of o and 1199?
11
Let a = -265 + 267. Let r(f) = 4*f - 6. Let b be r(4). What is the greatest common factor of b and a?
2
Let r be 3/(-24) + 228/32. Suppose 3*h = -5*t + r, 2*t + 3*h = 7*h - 18. Let i be (t - 0) + (64 - 5). Calculate the highest common divisor of 87 and i.
29
Let l(a) = -2*a**3 + 11*a**2 + 5*a + 12. Let h be l(6). Suppose -5*j + 3*b + 27 = -2*j, -24 = -2*j + 4*b. Calculate the greatest common factor of j and h.
6
Let d be (-9)/6 - 27/(-6). Let a(s) = -2*s + 0*s - d*s. Let f be a(-4). What is the highest common factor of 160 and f?
20
Let m = -1666 - -1686. What is the highest common factor of 1460 and m?
20
Let d = 3302 + -1611. Calculate the greatest common factor of d and 19.
19
Suppose -3*o + n + 14 = 2*o, 0 = 4*n + 16. Suppose 12 = -3*a + o*a. Let j be (44/(-3))/(2/a). Calculate the highest common factor of j and 11.
11
Suppose 3*m = 4*p + 19 + 12, 0 = 3*m + 2*p - 7. Suppose 320 = 3*i + m*o, -i + 110 = -o + 6*o. What is the highest common divisor of i and 42?
21
Suppose -4*y = -6*y + 14. Suppose 761 = y*t - 9. Calculate the greatest common factor of t and 22.
22
Let l(d) = d + 11. Let n be l(-8). Let r(f) = 9*f - 15. Let g be r(3). What is the highest common divisor of n and g?
3
Let z be 3*-4*6/(-12). Suppose 78 = z*j - 4*j. Let g = 35 - 9. What is the greatest common factor of g and j?
13
Suppose -20*n - 2365 + 38505 = 0. Calculate the greatest common factor of 13 and n.
13
Suppose 0 = 12*b - 68 - 28. Let a(f) = -f**3 + 11*f**2 - 11*f - 8. Let m be a(b). Calculate the highest common factor of 24 and m.
24
Let l be (2 + (-140)/63)*63/(-14). Suppose 3*c - 4*t - 31 = 0, -5*t - 24 = -5*c + 21. Calculate the greatest common factor of l and c.
1
Let r = -113 + 52. Suppose 4*k - 12 = 20. Let c be r/(-4) + k/(-32). Calculate the greatest common divisor of 30 and c.
15
Suppose 3*g = -3*t + 5802, 3*t + 7 + 1943 = g. Let o be 16/(-88) + g/11. What is the highest common divisor of o and 22?
22
Suppose 3*z - 5*o = 49, -9 = 38*z - 36*z + 5*o. Suppose -x = -4 - 0. Calculate the highest common factor of z and x.
4
Let z be (-2)/2*(6 - 10). Suppose -7 - z = -u. Let s = 265 + -144. Calculate the greatest common divisor of s and u.
11
Suppose -345 = -0*p - 3*p. Let v = -105 + p. Let o = 55 + -5. What is the highest common factor of v and o?
10
Suppose -124 = -4*k + c, -76 = -0*k - 2*k - 3*c. Suppose -3*z - 3*n + 99 = -0*z, 0 = z + 3*n - 35. What is the greatest common divisor of z and k?
32
Suppose -w = 87*a - 91*a + 1405, 0 = 5*a - w - 1757. Let g(x) = 7*x**2 + 2*x. Let r be g(2). Calculate the highest common divisor of a and r.
32
Suppose u + 85 = f + 3*f, -95 = -5*f - u. What is the greatest common factor of 130 and f?
10
Suppose -3*s + 17 = 4*x - 93, 0 = -3*s + 6. What is the greatest common divisor of 221 and x?
13
Let f = -12 - -8. Let l = 17 + f. Let x(q) = q**3 + 10*q**2 + 6*q + 12. Let y be x(-9). Calculate the highest common divisor of y and l.
13
Let z(i) = i**2 + 5*i - 51. Let l be z(-14). What is the greatest common factor of 30 and l?
15
Suppose -5*q + 2*y + 188 = 0, 0 = q + 5*y - 14 - 2. What is the greatest common divisor of 28 and q?
4
Suppose -3*m - b = -2*m, 0 = -3*m + 5*b + 24. Suppose 74 = 3*s + n, m*s + 3*n - 64 = 8. Suppose -2*x = -7*x + s. What is the highest common divisor of x and 5?
5
Let w(i) = 3*i**2 + 3*i + 1. Let u be w(-5). Suppose 9*q - 5*q + 6*m = 2000, -4*q + 1960 = m. Calculate the highest common factor of q and u.
61
Suppose -8*b + 1179 = -1845. What is the highest common factor of b and 56?
14
Let f be (-2)/(-16) + (-189)/(-24). Suppose -f*c - 117 = -11*c. Calculate the greatest common factor of 312 and c.
39
Suppose 2*s - 26 = -0*s. Calculate the highest common divisor of 1 and s.
1
Let t(m) = 2*m**2 + 14*m + 12. Let g be t(-7). Calculate the greatest common divisor of 444 and g.
12
Let x = 68 + -48. Suppose 4*t = m - 46, -7 = 4*t + 4*m + 49. Let c be 116/6 - 8/t. What is the greatest common factor of c and x?
20
Let o(a) = -a**3 + 21. Let h be o(0). Let p = -1283 - -1306. Suppose p*y - h*y = 144. What is the highest common divisor of 24 and y?
24
Let b = 0 - -5. Calculate the highest common factor of b and 205.
5
Let b = 0 + -21. Suppose 0 = -16*n - 100 + 4. Let s be n/b - (-748)/28. Calculate the highest common factor of s and 27.
27
Suppose 4*z + 4*z - 560 = 0. What is the greatest common divisor of z and 14?
14
Let t be (-304)/6*9/(-6). Let g(p) = 38*p. Let h be g(3). Suppose -n + 7*n - h = 0. What is the greatest common divisor of n and t?
19
Let p = 39 + -39. Suppose p = c - 5 - 9. Calculate the highest common factor of c and 7.
7
Let p(j) = 8*j**2 + 2*j**2 + 5*j - 9*j**2 - 15. Let c be p(4). What is the greatest common divisor of c and 3?
3
Suppose -3*s = x - 6*s - 63, 189 = 3*x - s. Calculate the greatest common divisor of x and 168.
21
Suppose 4*b - 4 = 4. Let l(w) = -3*w + 5*w - 14 - 2*w - b*w. Let n be l(-9). What is the highest common divisor of n and 1?
1
Let v be ((-371)/14)/(((-9)/12)/3). Let w = v + -94. What is the highest common factor of 96 and w?
12
Let k be 132/8 - (-1)/(-2). Let c = k - -133. Let v = c - 61. Calculate the greatest common factor of 11 and v.
11
Let d(i) = -i**3 - 2*i**2 + 5*i + 1. Let j(t) = -4*t**2 + t + 1. Let g be j(-1). Let v be d(g). Let o = v + -1. Calculate the highest common factor of 8 and o.
4
Let q(j) = j**2 - 6*j - 14. Let c be q(-4). Let d be (-1 - 0)/((-2)/c). Calculate the highest common divisor of d and 52.
13
Suppose 0 = -8*v + 6*v + 432. Let i = v + -72. Calculate the highest common divisor of i and 18.
18
Let n(f) = -f**2 + 18*f - 34. Let z be n(16). Let g be z/(-7) + (-412)/(-28). What is the greatest common factor of g and 15?
15
Let d be (-2 - (-15 + 7)) + 1 + -5. Suppose 4*n + 33 = 105. What is the greatest common divisor of n and d?
2
Let l = 3047 + -2927. Suppose -4 = -2*k - 4*r + 32, 0 = -5*r - 15. What is the greatest common factor of l and k?
24
Suppose 5*b - 2*w = 987 - 57, 4*b = -2*w + 744. What is the greatest common divisor of b and 682?
62
Let u = 438 - 153. Suppose o = 0, 15 = -3*q + 4*o + u. Calculate the greatest common divisor of q and 45.
45
Suppose 2*y = -5*u + 4*u, -2*y - 16 = 5*u. Let v = -16 + 17. Let r be (v/2)/(u/(-112)). What is the great